{"id":1161,"date":"2017-04-07T11:06:22","date_gmt":"2017-04-07T09:06:22","guid":{"rendered":"http:\/\/3zskadan.cz\/?page_id=1161"},"modified":"2026-03-23T14:55:37","modified_gmt":"2026-03-23T13:55:37","slug":"nabidka-zamestnani","status":"publish","type":"page","link":"https:\/\/3zskadan.cz\/?page_id=1161","title":{"rendered":"Nab\u00eddka zam\u011bstn\u00e1n\u00ed"},"content":{"rendered":"<h2 data-path-to-node=\"2\">Hled\u00e1me posilu do t\u00fdmu: Asistentka (asistent) pedagoga\u00a0<\/h2>\n<p data-path-to-node=\"3\">Hled\u00e1te smysluplnou pr\u00e1ci v p\u0159\u00e1telsk\u00e9m prost\u0159ed\u00ed? Do na\u0161\u00ed \u0161koly hled\u00e1me par\u0165\u00e1ka, kter\u00fd n\u00e1m od <b data-path-to-node=\"3\" data-index-in-node=\"94\">konce srpna 2026<\/b> pom\u016f\u017ee tvo\u0159it bezpe\u010dn\u00e9 m\u00edsto pro vzd\u011bl\u00e1v\u00e1n\u00ed na\u0161ich d\u011bt\u00ed.<\/p>\n<p data-path-to-node=\"4\"><b data-path-to-node=\"4\" data-index-in-node=\"0\">Co nab\u00edz\u00edme:<\/b><\/p>\n<ul data-path-to-node=\"5\">\n<li>\n<p data-path-to-node=\"5,0,0\">\u00davazek <b data-path-to-node=\"5,0,0\" data-index-in-node=\"7\">0,55<\/b> (skv\u011bl\u00e9 pro sklouben\u00ed s rodinou \u010di studiem).<\/p>\n<\/li>\n<li>\n<p data-path-to-node=\"5,1,0\">Podporuj\u00edc\u00ed t\u00fdm, kde si vz\u00e1jemn\u011b pom\u00e1h\u00e1me.<\/p>\n<\/li>\n<li>\n<p data-path-to-node=\"5,2,0\">Prostor pro va\u0161e n\u00e1pady a profesn\u00ed r\u016fst.<\/p>\n<\/li>\n<\/ul>\n<p data-path-to-node=\"6\"><b data-path-to-node=\"6\" data-index-in-node=\"0\">Co o\u010dek\u00e1v\u00e1me:<\/b><\/p>\n<ul data-path-to-node=\"7\">\n<li>\n<p data-path-to-node=\"7,0,0\">Odpov\u00eddaj\u00edc\u00ed vzd\u011bl\u00e1n\u00ed (kurz asistenta nebo pedagogick\u00e9 vzd\u011bl\u00e1n\u00ed).<\/p>\n<\/li>\n<li>\n<p data-path-to-node=\"7,1,0\">Lidsk\u00fd p\u0159\u00edstup, trp\u011blivost a empatii.<\/p>\n<\/li>\n<li>\n<p data-path-to-node=\"7,2,0\">Chu\u0165 b\u00fdt sou\u010d\u00e1st\u00ed \u0161koln\u00edho \u017eivota.<\/p>\n<\/li>\n<\/ul>\n<p data-path-to-node=\"8\"><b data-path-to-node=\"8\" data-index-in-node=\"0\">Zaj\u00edm\u00e1 v\u00e1s tato nab\u00eddka?<\/b>\u00a0<\/p>\n<ul>\n<li data-path-to-node=\"8\">Nev\u00e1hejte a po\u0161lete sv\u016fj \u017eivotopis na mail reditelka-3zs@ktkadan.cz, r\u00e1da v\u00e1s u n\u00e1s provedu.\u00a0<\/li>\n<\/ul>\n<p data-path-to-node=\"8\">\u00a0<\/p>\n<p>\u00a0<\/p>\n<hr \/>\n<p><!--Slun\u00ed\u010dkov\u00e1 z\u00e1kladn\u00ed \u0161kola Kada\u0148, ul. Chomutovsk\u00e1 1683 p\u0159ijme\n\n\n\n\n\n\n\n\n\n\n\n\n\n\n\n\n\n\n\n\n\n\n<ul>\n \t\n\n\n\n\n\n\n\n\n\n\n\n\n\n\n\n\n\n\n\n\n\n<li><strong>ASISTENTA PEDAGOGA<\/strong><\/li>\n\n\n\n\n\n\n\n\n\n\n\n\n\n\n\n\n\n\n\n\n\n\n<\/ul>\n\n\n\n\n\n\n\n\n\n\n\n\n\n\n\n\n\n\n\n\n\n\nInformace na tel. 474 333 847.\n\n--><\/p>\n\n\n<p>&nbsp;<\/p>\n<p>&nbsp;<\/p>\n\n\n","protected":false},"excerpt":{"rendered":"<p>Hled\u00e1me posilu do t\u00fdmu: Asistentka (asistent) pedagoga\u00a0 Hled\u00e1te smysluplnou pr\u00e1ci v p\u0159\u00e1telsk\u00e9m prost\u0159ed\u00ed? Do na\u0161\u00ed \u0161koly hled\u00e1me par\u0165\u00e1ka, kter\u00fd n\u00e1m od konce srpna 2026 pom\u016f\u017ee tvo\u0159it bezpe\u010dn\u00e9 m\u00edsto pro vzd\u011bl\u00e1v\u00e1n\u00ed na\u0161ich d\u011bt\u00ed. Co nab\u00edz\u00edme: \u00davazek 0,55 (skv\u011bl\u00e9 pro sklouben\u00ed s rodinou \u010di studiem). Podporuj\u00edc\u00ed t\u00fdm, kde si vz\u00e1jemn\u011b pom\u00e1h\u00e1me. Prostor pro va\u0161e n\u00e1pady a profesn\u00ed [&hellip;]<\/p>\n","protected":false},"author":1,"featured_media":30,"parent":0,"menu_order":0,"comment_status":"closed","ping_status":"closed","template":"","meta":{"jetpack_post_was_ever_published":false,"footnotes":""},"class_list":["post-1161","page","type-page","status-publish","has-post-thumbnail","czr-hentry"],"yoast_head":"<!-- This site is optimized with the Yoast SEO plugin v27.4 - https:\/\/yoast.com\/product\/yoast-seo-wordpress\/ -->\n<title>Nab\u00eddka zam\u011bstn\u00e1n\u00ed - Z\u00e1kladn\u00ed \u0161kola Kada\u0148, ul. Chomutovsk\u00e1 1683<\/title>\n<meta name=\"robots\" content=\"index, follow, max-snippet:-1, max-image-preview:large, max-video-preview:-1\" \/>\n<link rel=\"canonical\" href=\"https:\/\/3zskadan.cz\/?page_id=1161\" \/>\n<meta property=\"og:locale\" content=\"cs_CZ\" \/>\n<meta property=\"og:type\" content=\"article\" \/>\n<meta property=\"og:title\" content=\"Nab\u00eddka zam\u011bstn\u00e1n\u00ed - Z\u00e1kladn\u00ed \u0161kola Kada\u0148, ul. Chomutovsk\u00e1 1683\" \/>\n<meta property=\"og:description\" content=\"Hled\u00e1me posilu do t\u00fdmu: Asistentka (asistent) pedagoga\u00a0 Hled\u00e1te smysluplnou pr\u00e1ci v p\u0159\u00e1telsk\u00e9m prost\u0159ed\u00ed? Do na\u0161\u00ed \u0161koly hled\u00e1me par\u0165\u00e1ka, kter\u00fd n\u00e1m od konce srpna 2026 pom\u016f\u017ee tvo\u0159it bezpe\u010dn\u00e9 m\u00edsto pro vzd\u011bl\u00e1v\u00e1n\u00ed na\u0161ich d\u011bt\u00ed. Co nab\u00edz\u00edme: \u00davazek 0,55 (skv\u011bl\u00e9 pro sklouben\u00ed s rodinou \u010di studiem). Podporuj\u00edc\u00ed t\u00fdm, kde si vz\u00e1jemn\u011b pom\u00e1h\u00e1me. Prostor pro va\u0161e n\u00e1pady a profesn\u00ed [&hellip;]\" \/>\n<meta property=\"og:url\" content=\"https:\/\/3zskadan.cz\/?page_id=1161\" \/>\n<meta property=\"og:site_name\" content=\"Z\u00e1kladn\u00ed \u0161kola Kada\u0148, ul. Chomutovsk\u00e1 1683\" \/>\n<meta property=\"article:modified_time\" content=\"2026-03-23T13:55:37+00:00\" \/>\n<meta property=\"og:image\" content=\"https:\/\/3zskadan.cz\/wp-content\/uploads\/2016\/10\/slunicko1.png\" \/>\n\t<meta property=\"og:image:width\" content=\"200\" \/>\n\t<meta property=\"og:image:height\" content=\"200\" \/>\n\t<meta property=\"og:image:type\" content=\"image\/png\" \/>\n<meta name=\"twitter:card\" content=\"summary_large_image\" \/>\n<meta name=\"twitter:label1\" content=\"Odhadovan\u00e1 doba \u010dten\u00ed\" \/>\n\t<meta name=\"twitter:data1\" content=\"1 minuta\" \/>\n<script type=\"application\/ld+json\" class=\"yoast-schema-graph\">{\"@context\":\"https:\\\/\\\/schema.org\",\"@graph\":[{\"@type\":\"WebPage\",\"@id\":\"https:\\\/\\\/3zskadan.cz\\\/?page_id=1161\",\"url\":\"https:\\\/\\\/3zskadan.cz\\\/?page_id=1161\",\"name\":\"Nab\u00eddka zam\u011bstn\u00e1n\u00ed - Z\u00e1kladn\u00ed \u0161kola Kada\u0148, ul. Chomutovsk\u00e1 1683\",\"isPartOf\":{\"@id\":\"https:\\\/\\\/3zskadan.cz\\\/#website\"},\"primaryImageOfPage\":{\"@id\":\"https:\\\/\\\/3zskadan.cz\\\/?page_id=1161#primaryimage\"},\"image\":{\"@id\":\"https:\\\/\\\/3zskadan.cz\\\/?page_id=1161#primaryimage\"},\"thumbnailUrl\":\"https:\\\/\\\/i0.wp.com\\\/3zskadan.cz\\\/wp-content\\\/uploads\\\/2016\\\/10\\\/slunicko1.png?fit=200%2C200&ssl=1\",\"datePublished\":\"2017-04-07T09:06:22+00:00\",\"dateModified\":\"2026-03-23T13:55:37+00:00\",\"breadcrumb\":{\"@id\":\"https:\\\/\\\/3zskadan.cz\\\/?page_id=1161#breadcrumb\"},\"inLanguage\":\"cs\",\"potentialAction\":[{\"@type\":\"ReadAction\",\"target\":[\"https:\\\/\\\/3zskadan.cz\\\/?page_id=1161\"]}]},{\"@type\":\"ImageObject\",\"inLanguage\":\"cs\",\"@id\":\"https:\\\/\\\/3zskadan.cz\\\/?page_id=1161#primaryimage\",\"url\":\"https:\\\/\\\/i0.wp.com\\\/3zskadan.cz\\\/wp-content\\\/uploads\\\/2016\\\/10\\\/slunicko1.png?fit=200%2C200&ssl=1\",\"contentUrl\":\"https:\\\/\\\/i0.wp.com\\\/3zskadan.cz\\\/wp-content\\\/uploads\\\/2016\\\/10\\\/slunicko1.png?fit=200%2C200&ssl=1\",\"width\":200,\"height\":200,\"caption\":\"Slun\u00ed\u010dko - logo \u0161koly\"},{\"@type\":\"BreadcrumbList\",\"@id\":\"https:\\\/\\\/3zskadan.cz\\\/?page_id=1161#breadcrumb\",\"itemListElement\":[{\"@type\":\"ListItem\",\"position\":1,\"name\":\"Dom\u016f\",\"item\":\"https:\\\/\\\/3zskadan.cz\\\/\"},{\"@type\":\"ListItem\",\"position\":2,\"name\":\"Nab\u00eddka zam\u011bstn\u00e1n\u00ed\"}]},{\"@type\":\"WebSite\",\"@id\":\"https:\\\/\\\/3zskadan.cz\\\/#website\",\"url\":\"https:\\\/\\\/3zskadan.cz\\\/\",\"name\":\"Z\u00e1kladn\u00ed \u0161kola Kada\u0148, ul. Chomutovsk\u00e1 1683\",\"description\":\"\",\"potentialAction\":[{\"@type\":\"SearchAction\",\"target\":{\"@type\":\"EntryPoint\",\"urlTemplate\":\"https:\\\/\\\/3zskadan.cz\\\/?s={search_term_string}\"},\"query-input\":{\"@type\":\"PropertyValueSpecification\",\"valueRequired\":true,\"valueName\":\"search_term_string\"}}],\"inLanguage\":\"cs\"}]}<\/script>\n<!-- \/ Yoast SEO plugin. -->","yoast_head_json":{"title":"Nab\u00eddka zam\u011bstn\u00e1n\u00ed - Z\u00e1kladn\u00ed \u0161kola Kada\u0148, ul. Chomutovsk\u00e1 1683","robots":{"index":"index","follow":"follow","max-snippet":"max-snippet:-1","max-image-preview":"max-image-preview:large","max-video-preview":"max-video-preview:-1"},"canonical":"https:\/\/3zskadan.cz\/?page_id=1161","og_locale":"cs_CZ","og_type":"article","og_title":"Nab\u00eddka zam\u011bstn\u00e1n\u00ed - Z\u00e1kladn\u00ed \u0161kola Kada\u0148, ul. Chomutovsk\u00e1 1683","og_description":"Hled\u00e1me posilu do t\u00fdmu: Asistentka (asistent) pedagoga\u00a0 Hled\u00e1te smysluplnou pr\u00e1ci v p\u0159\u00e1telsk\u00e9m prost\u0159ed\u00ed? Do na\u0161\u00ed \u0161koly hled\u00e1me par\u0165\u00e1ka, kter\u00fd n\u00e1m od konce srpna 2026 pom\u016f\u017ee tvo\u0159it bezpe\u010dn\u00e9 m\u00edsto pro vzd\u011bl\u00e1v\u00e1n\u00ed na\u0161ich d\u011bt\u00ed. Co nab\u00edz\u00edme: \u00davazek 0,55 (skv\u011bl\u00e9 pro sklouben\u00ed s rodinou \u010di studiem). Podporuj\u00edc\u00ed t\u00fdm, kde si vz\u00e1jemn\u011b pom\u00e1h\u00e1me. Prostor pro va\u0161e n\u00e1pady a profesn\u00ed [&hellip;]","og_url":"https:\/\/3zskadan.cz\/?page_id=1161","og_site_name":"Z\u00e1kladn\u00ed \u0161kola Kada\u0148, ul. Chomutovsk\u00e1 1683","article_modified_time":"2026-03-23T13:55:37+00:00","og_image":[{"width":200,"height":200,"url":"https:\/\/3zskadan.cz\/wp-content\/uploads\/2016\/10\/slunicko1.png","type":"image\/png"}],"twitter_card":"summary_large_image","twitter_misc":{"Odhadovan\u00e1 doba \u010dten\u00ed":"1 minuta"},"schema":{"@context":"https:\/\/schema.org","@graph":[{"@type":"WebPage","@id":"https:\/\/3zskadan.cz\/?page_id=1161","url":"https:\/\/3zskadan.cz\/?page_id=1161","name":"Nab\u00eddka zam\u011bstn\u00e1n\u00ed - Z\u00e1kladn\u00ed \u0161kola Kada\u0148, ul. Chomutovsk\u00e1 1683","isPartOf":{"@id":"https:\/\/3zskadan.cz\/#website"},"primaryImageOfPage":{"@id":"https:\/\/3zskadan.cz\/?page_id=1161#primaryimage"},"image":{"@id":"https:\/\/3zskadan.cz\/?page_id=1161#primaryimage"},"thumbnailUrl":"https:\/\/i0.wp.com\/3zskadan.cz\/wp-content\/uploads\/2016\/10\/slunicko1.png?fit=200%2C200&ssl=1","datePublished":"2017-04-07T09:06:22+00:00","dateModified":"2026-03-23T13:55:37+00:00","breadcrumb":{"@id":"https:\/\/3zskadan.cz\/?page_id=1161#breadcrumb"},"inLanguage":"cs","potentialAction":[{"@type":"ReadAction","target":["https:\/\/3zskadan.cz\/?page_id=1161"]}]},{"@type":"ImageObject","inLanguage":"cs","@id":"https:\/\/3zskadan.cz\/?page_id=1161#primaryimage","url":"https:\/\/i0.wp.com\/3zskadan.cz\/wp-content\/uploads\/2016\/10\/slunicko1.png?fit=200%2C200&ssl=1","contentUrl":"https:\/\/i0.wp.com\/3zskadan.cz\/wp-content\/uploads\/2016\/10\/slunicko1.png?fit=200%2C200&ssl=1","width":200,"height":200,"caption":"Slun\u00ed\u010dko - logo \u0161koly"},{"@type":"BreadcrumbList","@id":"https:\/\/3zskadan.cz\/?page_id=1161#breadcrumb","itemListElement":[{"@type":"ListItem","position":1,"name":"Dom\u016f","item":"https:\/\/3zskadan.cz\/"},{"@type":"ListItem","position":2,"name":"Nab\u00eddka zam\u011bstn\u00e1n\u00ed"}]},{"@type":"WebSite","@id":"https:\/\/3zskadan.cz\/#website","url":"https:\/\/3zskadan.cz\/","name":"Z\u00e1kladn\u00ed \u0161kola Kada\u0148, ul. Chomutovsk\u00e1 1683","description":"","potentialAction":[{"@type":"SearchAction","target":{"@type":"EntryPoint","urlTemplate":"https:\/\/3zskadan.cz\/?s={search_term_string}"},"query-input":{"@type":"PropertyValueSpecification","valueRequired":true,"valueName":"search_term_string"}}],"inLanguage":"cs"}]}},"jetpack_sharing_enabled":true,"jetpack_shortlink":"https:\/\/wp.me\/P7YYLP-iJ","_links":{"self":[{"href":"https:\/\/3zskadan.cz\/index.php?rest_route=\/wp\/v2\/pages\/1161","targetHints":{"allow":["GET"]}}],"collection":[{"href":"https:\/\/3zskadan.cz\/index.php?rest_route=\/wp\/v2\/pages"}],"about":[{"href":"https:\/\/3zskadan.cz\/index.php?rest_route=\/wp\/v2\/types\/page"}],"author":[{"embeddable":true,"href":"https:\/\/3zskadan.cz\/index.php?rest_route=\/wp\/v2\/users\/1"}],"replies":[{"embeddable":true,"href":"https:\/\/3zskadan.cz\/index.php?rest_route=%2Fwp%2Fv2%2Fcomments&post=1161"}],"version-history":[{"count":10,"href":"https:\/\/3zskadan.cz\/index.php?rest_route=\/wp\/v2\/pages\/1161\/revisions"}],"predecessor-version":[{"id":14519,"href":"https:\/\/3zskadan.cz\/index.php?rest_route=\/wp\/v2\/pages\/1161\/revisions\/14519"}],"wp:featuredmedia":[{"embeddable":true,"href":"https:\/\/3zskadan.cz\/index.php?rest_route=\/wp\/v2\/media\/30"}],"wp:attachment":[{"href":"https:\/\/3zskadan.cz\/index.php?rest_route=%2Fwp%2Fv2%2Fmedia&parent=1161"}],"curies":[{"name":"wp","href":"https:\/\/api.w.org\/{rel}","templated":true}]}}