{"id":13318,"date":"2025-04-02T12:39:53","date_gmt":"2025-04-02T10:39:53","guid":{"rendered":"https:\/\/3zskadan.cz\/?page_id=13318"},"modified":"2025-05-16T11:49:20","modified_gmt":"2025-05-16T09:49:20","slug":"zajimave-odkazy","status":"publish","type":"page","link":"https:\/\/3zskadan.cz\/?page_id=13318","title":{"rendered":"Zaj\u00edmav\u00e9 odkazy"},"content":{"rendered":"<h3>Pro rodi\u010de<\/h3>\n<p><a href=\"https:\/\/deti.mensa.cz\/udalost-detail\/cs\/2289-mensa-detska-konference-usti-nad-labem-registrace-prezentujicich\/\">https:\/\/deti.mensa.cz\/udalost-detail\/cs\/2289-mensa-detska-konference-usti-nad-labem-registrace-prezentujicich\/<\/a><\/p>\n<p><a href=\"https:\/\/zapojmevsechny.cz\/nadani\" target=\"_blank\" rel=\"noopener\">https:\/\/zapojmevsechny.cz\/nadani<\/a><\/p>\n<p><a href=\"https:\/\/deti.mensa.cz\" target=\"_blank\" rel=\"noopener\">https:\/\/deti.mensa.cz<\/a><\/p>\n<p><a href=\"https:\/\/www.trainbra.in\/cs\" target=\"_blank\" rel=\"noopener\">https:\/\/www.trainbra.in\/cs<\/a><\/p>\n<p><a href=\"https:\/\/talnet.info\/t-aktivity\/talnet-junior\" target=\"_blank\" rel=\"noopener\">https:\/\/talnet.info\/t-aktivity\/talnet-junior<\/a><\/p>\n<h3>Pro \u017e\u00e1ky<\/h3>\n<p><a href=\"https:\/\/www.umimeto.org\/\" target=\"_blank\" rel=\"noopener\"><span style=\"font-weight: 400;\">https:\/\/www.umimeto.org<\/span><\/a><\/p>\n<p><a href=\"https:\/\/vida.cz\/vida-na-doma\" target=\"_blank\" rel=\"noopener\"><span style=\"font-weight: 400;\">https:\/\/vida.cz\/vida-na-doma<\/span><\/a><\/p>\n<p><a href=\"https:\/\/www.geograf.in\/cs\/\" target=\"_blank\" rel=\"noopener\"><span style=\"font-weight: 400;\">https:\/\/www.geograf.in\/cs<\/span><\/a><\/p>\n<p><a href=\"https:\/\/zdroje.guruveskole.cz\/\" target=\"_blank\" rel=\"noopener\"><span style=\"font-weight: 400;\">https:\/\/zdroje.guruveskole.cz<\/span><\/a><\/p>\n<p><a href=\"https:\/\/junior.rozhlas.cz\/novinky?term_node_tid_depth%5B%5D=573&amp;combine=&amp;url=\" target=\"_blank\" rel=\"noopener\"><span style=\"font-weight: 400;\">https:\/\/junior.rozhlas.cz\/novinky?term_node_tid_depth%5B%5D=573&amp;combine=&amp;url=<\/span><\/a><\/p>\n","protected":false},"excerpt":{"rendered":"<p>Pro rodi\u010de https:\/\/deti.mensa.cz\/udalost-detail\/cs\/2289-mensa-detska-konference-usti-nad-labem-registrace-prezentujicich\/ https:\/\/zapojmevsechny.cz\/nadani https:\/\/deti.mensa.cz https:\/\/www.trainbra.in\/cs https:\/\/talnet.info\/t-aktivity\/talnet-junior Pro \u017e\u00e1ky https:\/\/www.umimeto.org https:\/\/vida.cz\/vida-na-doma https:\/\/www.geograf.in\/cs https:\/\/zdroje.guruveskole.cz https:\/\/junior.rozhlas.cz\/novinky?term_node_tid_depth%5B%5D=573&amp;combine=&amp;url=<\/p>\n","protected":false},"author":1,"featured_media":0,"parent":13304,"menu_order":0,"comment_status":"closed","ping_status":"closed","template":"","meta":{"footnotes":""},"class_list":["post-13318","page","type-page","status-publish","czr-hentry"],"yoast_head":"<!-- This site is optimized with the Yoast SEO plugin v27.5 - https:\/\/yoast.com\/product\/yoast-seo-wordpress\/ -->\n<title>Zaj\u00edmav\u00e9 odkazy - Z\u00e1kladn\u00ed \u0161kola Kada\u0148, ul. Chomutovsk\u00e1 1683<\/title>\n<meta name=\"robots\" content=\"index, follow, max-snippet:-1, max-image-preview:large, max-video-preview:-1\" \/>\n<link rel=\"canonical\" href=\"https:\/\/3zskadan.cz\/?page_id=13318\" \/>\n<meta property=\"og:locale\" content=\"cs_CZ\" \/>\n<meta property=\"og:type\" content=\"article\" \/>\n<meta property=\"og:title\" content=\"Zaj\u00edmav\u00e9 odkazy - Z\u00e1kladn\u00ed \u0161kola Kada\u0148, ul. Chomutovsk\u00e1 1683\" \/>\n<meta property=\"og:description\" content=\"Pro rodi\u010de https:\/\/deti.mensa.cz\/udalost-detail\/cs\/2289-mensa-detska-konference-usti-nad-labem-registrace-prezentujicich\/ https:\/\/zapojmevsechny.cz\/nadani https:\/\/deti.mensa.cz https:\/\/www.trainbra.in\/cs https:\/\/talnet.info\/t-aktivity\/talnet-junior Pro \u017e\u00e1ky https:\/\/www.umimeto.org https:\/\/vida.cz\/vida-na-doma https:\/\/www.geograf.in\/cs https:\/\/zdroje.guruveskole.cz https:\/\/junior.rozhlas.cz\/novinky?term_node_tid_depth%5B%5D=573&amp;combine=&amp;url=\" \/>\n<meta property=\"og:url\" content=\"https:\/\/3zskadan.cz\/?page_id=13318\" \/>\n<meta property=\"og:site_name\" content=\"Z\u00e1kladn\u00ed \u0161kola Kada\u0148, ul. Chomutovsk\u00e1 1683\" \/>\n<meta property=\"article:modified_time\" content=\"2025-05-16T09:49:20+00:00\" \/>\n<meta name=\"twitter:card\" content=\"summary_large_image\" \/>\n<meta name=\"twitter:label1\" content=\"Odhadovan\u00e1 doba \u010dten\u00ed\" \/>\n\t<meta name=\"twitter:data1\" content=\"1 minuta\" \/>\n<script type=\"application\/ld+json\" class=\"yoast-schema-graph\">{\"@context\":\"https:\\\/\\\/schema.org\",\"@graph\":[{\"@type\":\"WebPage\",\"@id\":\"https:\\\/\\\/3zskadan.cz\\\/?page_id=13318\",\"url\":\"https:\\\/\\\/3zskadan.cz\\\/?page_id=13318\",\"name\":\"Zaj\u00edmav\u00e9 odkazy - Z\u00e1kladn\u00ed \u0161kola Kada\u0148, ul. Chomutovsk\u00e1 1683\",\"isPartOf\":{\"@id\":\"https:\\\/\\\/3zskadan.cz\\\/#website\"},\"datePublished\":\"2025-04-02T10:39:53+00:00\",\"dateModified\":\"2025-05-16T09:49:20+00:00\",\"breadcrumb\":{\"@id\":\"https:\\\/\\\/3zskadan.cz\\\/?page_id=13318#breadcrumb\"},\"inLanguage\":\"cs\",\"potentialAction\":[{\"@type\":\"ReadAction\",\"target\":[\"https:\\\/\\\/3zskadan.cz\\\/?page_id=13318\"]}]},{\"@type\":\"BreadcrumbList\",\"@id\":\"https:\\\/\\\/3zskadan.cz\\\/?page_id=13318#breadcrumb\",\"itemListElement\":[{\"@type\":\"ListItem\",\"position\":1,\"name\":\"Dom\u016f\",\"item\":\"https:\\\/\\\/3zskadan.cz\\\/\"},{\"@type\":\"ListItem\",\"position\":2,\"name\":\"Podpora nad\u00e1n\u00ed\",\"item\":\"https:\\\/\\\/3zskadan.cz\\\/?page_id=13304\"},{\"@type\":\"ListItem\",\"position\":3,\"name\":\"Zaj\u00edmav\u00e9 odkazy\"}]},{\"@type\":\"WebSite\",\"@id\":\"https:\\\/\\\/3zskadan.cz\\\/#website\",\"url\":\"https:\\\/\\\/3zskadan.cz\\\/\",\"name\":\"Z\u00e1kladn\u00ed \u0161kola Kada\u0148, ul. Chomutovsk\u00e1 1683\",\"description\":\"\",\"potentialAction\":[{\"@type\":\"SearchAction\",\"target\":{\"@type\":\"EntryPoint\",\"urlTemplate\":\"https:\\\/\\\/3zskadan.cz\\\/?s={search_term_string}\"},\"query-input\":{\"@type\":\"PropertyValueSpecification\",\"valueRequired\":true,\"valueName\":\"search_term_string\"}}],\"inLanguage\":\"cs\"}]}<\/script>\n<!-- \/ Yoast SEO plugin. -->","yoast_head_json":{"title":"Zaj\u00edmav\u00e9 odkazy - Z\u00e1kladn\u00ed \u0161kola Kada\u0148, ul. Chomutovsk\u00e1 1683","robots":{"index":"index","follow":"follow","max-snippet":"max-snippet:-1","max-image-preview":"max-image-preview:large","max-video-preview":"max-video-preview:-1"},"canonical":"https:\/\/3zskadan.cz\/?page_id=13318","og_locale":"cs_CZ","og_type":"article","og_title":"Zaj\u00edmav\u00e9 odkazy - Z\u00e1kladn\u00ed \u0161kola Kada\u0148, ul. Chomutovsk\u00e1 1683","og_description":"Pro rodi\u010de https:\/\/deti.mensa.cz\/udalost-detail\/cs\/2289-mensa-detska-konference-usti-nad-labem-registrace-prezentujicich\/ https:\/\/zapojmevsechny.cz\/nadani https:\/\/deti.mensa.cz https:\/\/www.trainbra.in\/cs https:\/\/talnet.info\/t-aktivity\/talnet-junior Pro \u017e\u00e1ky https:\/\/www.umimeto.org https:\/\/vida.cz\/vida-na-doma https:\/\/www.geograf.in\/cs https:\/\/zdroje.guruveskole.cz https:\/\/junior.rozhlas.cz\/novinky?term_node_tid_depth%5B%5D=573&amp;combine=&amp;url=","og_url":"https:\/\/3zskadan.cz\/?page_id=13318","og_site_name":"Z\u00e1kladn\u00ed \u0161kola Kada\u0148, ul. Chomutovsk\u00e1 1683","article_modified_time":"2025-05-16T09:49:20+00:00","twitter_card":"summary_large_image","twitter_misc":{"Odhadovan\u00e1 doba \u010dten\u00ed":"1 minuta"},"schema":{"@context":"https:\/\/schema.org","@graph":[{"@type":"WebPage","@id":"https:\/\/3zskadan.cz\/?page_id=13318","url":"https:\/\/3zskadan.cz\/?page_id=13318","name":"Zaj\u00edmav\u00e9 odkazy - Z\u00e1kladn\u00ed \u0161kola Kada\u0148, ul. Chomutovsk\u00e1 1683","isPartOf":{"@id":"https:\/\/3zskadan.cz\/#website"},"datePublished":"2025-04-02T10:39:53+00:00","dateModified":"2025-05-16T09:49:20+00:00","breadcrumb":{"@id":"https:\/\/3zskadan.cz\/?page_id=13318#breadcrumb"},"inLanguage":"cs","potentialAction":[{"@type":"ReadAction","target":["https:\/\/3zskadan.cz\/?page_id=13318"]}]},{"@type":"BreadcrumbList","@id":"https:\/\/3zskadan.cz\/?page_id=13318#breadcrumb","itemListElement":[{"@type":"ListItem","position":1,"name":"Dom\u016f","item":"https:\/\/3zskadan.cz\/"},{"@type":"ListItem","position":2,"name":"Podpora nad\u00e1n\u00ed","item":"https:\/\/3zskadan.cz\/?page_id=13304"},{"@type":"ListItem","position":3,"name":"Zaj\u00edmav\u00e9 odkazy"}]},{"@type":"WebSite","@id":"https:\/\/3zskadan.cz\/#website","url":"https:\/\/3zskadan.cz\/","name":"Z\u00e1kladn\u00ed \u0161kola Kada\u0148, ul. Chomutovsk\u00e1 1683","description":"","potentialAction":[{"@type":"SearchAction","target":{"@type":"EntryPoint","urlTemplate":"https:\/\/3zskadan.cz\/?s={search_term_string}"},"query-input":{"@type":"PropertyValueSpecification","valueRequired":true,"valueName":"search_term_string"}}],"inLanguage":"cs"}]}},"jetpack_sharing_enabled":true,"jetpack_shortlink":"https:\/\/wp.me\/P7YYLP-3sO","_links":{"self":[{"href":"https:\/\/3zskadan.cz\/index.php?rest_route=\/wp\/v2\/pages\/13318","targetHints":{"allow":["GET"]}}],"collection":[{"href":"https:\/\/3zskadan.cz\/index.php?rest_route=\/wp\/v2\/pages"}],"about":[{"href":"https:\/\/3zskadan.cz\/index.php?rest_route=\/wp\/v2\/types\/page"}],"author":[{"embeddable":true,"href":"https:\/\/3zskadan.cz\/index.php?rest_route=\/wp\/v2\/users\/1"}],"replies":[{"embeddable":true,"href":"https:\/\/3zskadan.cz\/index.php?rest_route=%2Fwp%2Fv2%2Fcomments&post=13318"}],"version-history":[{"count":2,"href":"https:\/\/3zskadan.cz\/index.php?rest_route=\/wp\/v2\/pages\/13318\/revisions"}],"predecessor-version":[{"id":13500,"href":"https:\/\/3zskadan.cz\/index.php?rest_route=\/wp\/v2\/pages\/13318\/revisions\/13500"}],"up":[{"embeddable":true,"href":"https:\/\/3zskadan.cz\/index.php?rest_route=\/wp\/v2\/pages\/13304"}],"wp:attachment":[{"href":"https:\/\/3zskadan.cz\/index.php?rest_route=%2Fwp%2Fv2%2Fmedia&parent=13318"}],"curies":[{"name":"wp","href":"https:\/\/api.w.org\/{rel}","templated":true}]}}