{"id":4409,"date":"2018-10-23T20:32:07","date_gmt":"2018-10-23T18:32:07","guid":{"rendered":"http:\/\/3zskadan.cz\/?page_id=4409"},"modified":"2020-08-30T12:57:03","modified_gmt":"2020-08-30T10:57:03","slug":"vyuka","status":"publish","type":"page","link":"https:\/\/3zskadan.cz\/?page_id=4409","title":{"rendered":"V\u00fduka"},"content":{"rendered":"\n<h2 class=\"wp-block-heading\">Angli\u010dtina<\/h2>\n\n\n\n<div class=\"wp-block-image\"><figure class=\"aligncenter is-resized\"><a href=\"https:\/\/www.duolingo.com\/\"><img data-recalc-dims=\"1\" decoding=\"async\" data-attachment-id=\"5588\" data-permalink=\"https:\/\/3zskadan.cz\/?attachment_id=5588\" data-orig-file=\"https:\/\/i0.wp.com\/3zskadan.cz\/wp-content\/uploads\/2019\/04\/duolingo_odkaz.png?fit=953%2C1024&amp;ssl=1\" data-orig-size=\"953,1024\" data-comments-opened=\"1\" data-image-meta=\"{&quot;aperture&quot;:&quot;0&quot;,&quot;credit&quot;:&quot;&quot;,&quot;camera&quot;:&quot;&quot;,&quot;caption&quot;:&quot;&quot;,&quot;created_timestamp&quot;:&quot;0&quot;,&quot;copyright&quot;:&quot;&quot;,&quot;focal_length&quot;:&quot;0&quot;,&quot;iso&quot;:&quot;0&quot;,&quot;shutter_speed&quot;:&quot;0&quot;,&quot;title&quot;:&quot;&quot;,&quot;orientation&quot;:&quot;0&quot;}\" data-image-title=\"duolingo_odkaz\" data-image-description=\"\" data-image-caption=\"\" data-large-file=\"https:\/\/i0.wp.com\/3zskadan.cz\/wp-content\/uploads\/2019\/04\/duolingo_odkaz.png?fit=953%2C1024&amp;ssl=1\" src=\"https:\/\/i0.wp.com\/3zskadan.cz\/wp-content\/uploads\/2019\/04\/duolingo_odkaz-953x1024.png?resize=150%2C150\" alt=\"duolingo_odkaz\" class=\"wp-image-5588\" width=\"150\" height=\"150\" \/><\/a><\/figure><\/div>\n\n\n\n<h4 class=\"has-text-align-center wp-block-heading\"> <\/h4>\n\n\n\n<h4 class=\"has-text-align-center wp-block-heading\"><strong><a href=\"https:\/\/elt.oup.com\/student\/project\/?cc=cz&amp;selLanguage=cs\">Interaktivn\u00ed \u010d\u00e1st u\u010debnice Project<\/a><\/strong><a href=\"https:\/\/elt.oup.com\/student\/project\/?cc=cz&amp;selLanguage=cs\"> <\/a><\/h4>\n\n\n\n<h4 style=\"text-align: center;\"><strong><a href=\"https:\/\/www.anglinaplus.cz\/gramatika-trenink\/cviceni-podle-ucebnic-project\/\">Cvi\u010den\u00ed k u\u010debnic\u00edm Project<\/a><\/strong><\/h4>\n\n\n\n<h2 class=\"wp-block-heading\"> Informatika <\/h2>\n\n\n\n<div class=\"wp-block-columns has-2-columns is-layout-flex wp-container-core-columns-is-layout-9d6595d7 wp-block-columns-is-layout-flex\">\n<div class=\"wp-block-column is-layout-flow wp-block-column-is-layout-flow\">\n<div class=\"wp-block-image\"><figure class=\"aligncenter is-resized\"><a href=\"https:\/\/www.3zskadan.cz\/grafika\/\" rel=\"\/grafika\"><img data-recalc-dims=\"1\" decoding=\"async\" data-attachment-id=\"5584\" data-permalink=\"https:\/\/3zskadan.cz\/?attachment_id=5584\" data-orig-file=\"https:\/\/i0.wp.com\/3zskadan.cz\/wp-content\/uploads\/2019\/04\/grafika_odkaz.png?fit=313%2C319&amp;ssl=1\" data-orig-size=\"313,319\" data-comments-opened=\"1\" data-image-meta=\"{&quot;aperture&quot;:&quot;0&quot;,&quot;credit&quot;:&quot;&quot;,&quot;camera&quot;:&quot;&quot;,&quot;caption&quot;:&quot;&quot;,&quot;created_timestamp&quot;:&quot;0&quot;,&quot;copyright&quot;:&quot;&quot;,&quot;focal_length&quot;:&quot;0&quot;,&quot;iso&quot;:&quot;0&quot;,&quot;shutter_speed&quot;:&quot;0&quot;,&quot;title&quot;:&quot;&quot;,&quot;orientation&quot;:&quot;0&quot;}\" data-image-title=\"grafika_odkaz\" data-image-description=\"\" data-image-caption=\"\" data-large-file=\"https:\/\/i0.wp.com\/3zskadan.cz\/wp-content\/uploads\/2019\/04\/grafika_odkaz.png?fit=313%2C319&amp;ssl=1\" src=\"https:\/\/i0.wp.com\/3zskadan.cz\/wp-content\/uploads\/2019\/04\/grafika_odkaz.png?resize=150%2C150\" alt=\"vyuka_grafiky_odkaz\" class=\"wp-image-5584\" width=\"150\" height=\"150\" \/><\/a><figcaption><a href=\"https:\/\/www.3zskadan.cz\/grafika\/\">Po\u010d\u00edta\u010dov\u00e1 grafika<\/a><\/figcaption><\/figure><\/div>\n\n\n\n<div class=\"wp-block-image\"><figure class=\"aligncenter is-resized\"><a href=\"https:\/\/www.lego.zcu.cz\/ucebnice\/\"><img data-recalc-dims=\"1\" decoding=\"async\" data-attachment-id=\"5591\" data-permalink=\"https:\/\/3zskadan.cz\/?attachment_id=5591\" data-orig-file=\"https:\/\/i0.wp.com\/3zskadan.cz\/wp-content\/uploads\/2019\/04\/robotika_odkaz.png?fit=207%2C183&amp;ssl=1\" data-orig-size=\"207,183\" data-comments-opened=\"1\" data-image-meta=\"{&quot;aperture&quot;:&quot;0&quot;,&quot;credit&quot;:&quot;&quot;,&quot;camera&quot;:&quot;&quot;,&quot;caption&quot;:&quot;&quot;,&quot;created_timestamp&quot;:&quot;0&quot;,&quot;copyright&quot;:&quot;&quot;,&quot;focal_length&quot;:&quot;0&quot;,&quot;iso&quot;:&quot;0&quot;,&quot;shutter_speed&quot;:&quot;0&quot;,&quot;title&quot;:&quot;&quot;,&quot;orientation&quot;:&quot;0&quot;}\" data-image-title=\"robotika_odkaz\" data-image-description=\"\" data-image-caption=\"\" data-large-file=\"https:\/\/i0.wp.com\/3zskadan.cz\/wp-content\/uploads\/2019\/04\/robotika_odkaz.png?fit=207%2C183&amp;ssl=1\" src=\"https:\/\/i0.wp.com\/3zskadan.cz\/wp-content\/uploads\/2019\/04\/robotika_odkaz.png?resize=155%2C137\" alt=\"v\u00fduka_robotiky_odkaz\" class=\"wp-image-5591\" width=\"155\" height=\"137\" srcset=\"https:\/\/i0.wp.com\/3zskadan.cz\/wp-content\/uploads\/2019\/04\/robotika_odkaz.png?w=207&amp;ssl=1 207w, https:\/\/i0.wp.com\/3zskadan.cz\/wp-content\/uploads\/2019\/04\/robotika_odkaz.png?resize=80%2C71&amp;ssl=1 80w\" sizes=\"(max-width: 155px) 100vw, 155px\" \/><\/a><figcaption><a href=\"https:\/\/www.lego.zcu.cz\/ucebnice\/\">PRIM \u2013 eU\u010debnice robotiky<\/a><\/figcaption><\/figure><\/div>\n<\/div>\n\n\n\n<div class=\"wp-block-column is-layout-flow wp-block-column-is-layout-flow\">\n<div class=\"wp-block-image\"><figure class=\"aligncenter is-resized\"><a href=\"https:\/\/www.3zskadan.cz\/prgm\/\" rel=\"\/prgm\"><img data-recalc-dims=\"1\" loading=\"lazy\" decoding=\"async\" data-attachment-id=\"5586\" data-permalink=\"https:\/\/3zskadan.cz\/?attachment_id=5586\" data-orig-file=\"https:\/\/i0.wp.com\/3zskadan.cz\/wp-content\/uploads\/2019\/04\/prgm_odkaz.png?fit=150%2C150&amp;ssl=1\" data-orig-size=\"150,150\" data-comments-opened=\"1\" data-image-meta=\"{&quot;aperture&quot;:&quot;0&quot;,&quot;credit&quot;:&quot;&quot;,&quot;camera&quot;:&quot;&quot;,&quot;caption&quot;:&quot;&quot;,&quot;created_timestamp&quot;:&quot;0&quot;,&quot;copyright&quot;:&quot;&quot;,&quot;focal_length&quot;:&quot;0&quot;,&quot;iso&quot;:&quot;0&quot;,&quot;shutter_speed&quot;:&quot;0&quot;,&quot;title&quot;:&quot;&quot;,&quot;orientation&quot;:&quot;0&quot;}\" data-image-title=\"prgm_odkaz\" data-image-description=\"\" data-image-caption=\"\" data-large-file=\"https:\/\/i0.wp.com\/3zskadan.cz\/wp-content\/uploads\/2019\/04\/prgm_odkaz.png?fit=150%2C150&amp;ssl=1\" src=\"https:\/\/i0.wp.com\/3zskadan.cz\/wp-content\/uploads\/2019\/04\/prgm_odkaz.png?resize=150%2C150\" alt=\"programov\u00e1n\u00ed_odkaz\" class=\"wp-image-5586\" width=\"150\" height=\"150\" srcset=\"https:\/\/i0.wp.com\/3zskadan.cz\/wp-content\/uploads\/2019\/04\/prgm_odkaz.png?w=150&amp;ssl=1 150w, https:\/\/i0.wp.com\/3zskadan.cz\/wp-content\/uploads\/2019\/04\/prgm_odkaz.png?resize=80%2C80&amp;ssl=1 80w\" sizes=\"(max-width: 150px) 100vw, 150px\" \/><\/a><figcaption><a href=\"https:\/\/www.3zskadan.cz\/prgm\/\">Algoritmizace a programov\u00e1n\u00ed<\/a><\/figcaption><\/figure><\/div>\n\n\n\n<div class=\"wp-block-image\"><figure class=\"aligncenter is-resized\"><a href=\"https:\/\/3zskadan.cz\/hardware\/index.html\" rel=\"\/prgm\"><img data-recalc-dims=\"1\" loading=\"lazy\" decoding=\"async\" data-attachment-id=\"6108\" data-permalink=\"https:\/\/3zskadan.cz\/?attachment_id=6108\" data-orig-file=\"https:\/\/i0.wp.com\/3zskadan.cz\/wp-content\/uploads\/2019\/08\/Personal_computer_exploded_5.svg.png?fit=953%2C1024&amp;ssl=1\" data-orig-size=\"953,1024\" data-comments-opened=\"1\" data-image-meta=\"{&quot;aperture&quot;:&quot;0&quot;,&quot;credit&quot;:&quot;&quot;,&quot;camera&quot;:&quot;&quot;,&quot;caption&quot;:&quot;&quot;,&quot;created_timestamp&quot;:&quot;0&quot;,&quot;copyright&quot;:&quot;&quot;,&quot;focal_length&quot;:&quot;0&quot;,&quot;iso&quot;:&quot;0&quot;,&quot;shutter_speed&quot;:&quot;0&quot;,&quot;title&quot;:&quot;&quot;,&quot;orientation&quot;:&quot;0&quot;}\" data-image-title=\"Personal_computer,_exploded_5.svg\" data-image-description=\"\" data-image-caption=\"&lt;p&gt;Hardware&lt;\/p&gt;\n\" data-large-file=\"https:\/\/i0.wp.com\/3zskadan.cz\/wp-content\/uploads\/2019\/08\/Personal_computer_exploded_5.svg.png?fit=953%2C1024&amp;ssl=1\" src=\"https:\/\/i0.wp.com\/3zskadan.cz\/wp-content\/uploads\/2019\/08\/Personal_computer_exploded_5.svg.png?resize=149%2C154&#038;ssl=1\" alt=\"Hardware_u\u010debnice_odkaz\" class=\"wp-image-6108\" width=\"149\" height=\"154\" \/><\/a><figcaption><a href=\"https:\/\/3zskadan.cz\/hardware\/index.html\">Hardware<\/a><\/figcaption><\/figure><\/div>\n<\/div>\n<\/div>\n\n\n\n<h2 class=\"wp-block-heading\">Matematika<\/h2>\n\n\n\n<div class=\"wp-block-image\"><figure class=\"aligncenter is-resized\"><a href=\"https:\/\/www.geogebra.org\/geometry?lang=cs\"><img data-recalc-dims=\"1\" loading=\"lazy\" decoding=\"async\" data-attachment-id=\"5596\" data-permalink=\"https:\/\/3zskadan.cz\/?attachment_id=5596\" data-orig-file=\"https:\/\/i0.wp.com\/3zskadan.cz\/wp-content\/uploads\/2019\/04\/Geogebra_odkaz.png?fit=996%2C149&amp;ssl=1\" data-orig-size=\"996,149\" data-comments-opened=\"1\" data-image-meta=\"{&quot;aperture&quot;:&quot;0&quot;,&quot;credit&quot;:&quot;&quot;,&quot;camera&quot;:&quot;&quot;,&quot;caption&quot;:&quot;&quot;,&quot;created_timestamp&quot;:&quot;0&quot;,&quot;copyright&quot;:&quot;&quot;,&quot;focal_length&quot;:&quot;0&quot;,&quot;iso&quot;:&quot;0&quot;,&quot;shutter_speed&quot;:&quot;0&quot;,&quot;title&quot;:&quot;&quot;,&quot;orientation&quot;:&quot;0&quot;}\" data-image-title=\"Geogebra_odkaz\" data-image-description=\"\" data-image-caption=\"\" data-large-file=\"https:\/\/i0.wp.com\/3zskadan.cz\/wp-content\/uploads\/2019\/04\/Geogebra_odkaz.png?fit=996%2C149&amp;ssl=1\" src=\"https:\/\/i0.wp.com\/3zskadan.cz\/wp-content\/uploads\/2019\/04\/Geogebra_odkaz.png?resize=498%2C75\" alt=\"Geogebra_odkaz\" class=\"wp-image-5596\" width=\"498\" height=\"75\" srcset=\"https:\/\/i0.wp.com\/3zskadan.cz\/wp-content\/uploads\/2019\/04\/Geogebra_odkaz.png?w=996&amp;ssl=1 996w, https:\/\/i0.wp.com\/3zskadan.cz\/wp-content\/uploads\/2019\/04\/Geogebra_odkaz.png?resize=80%2C12&amp;ssl=1 80w, https:\/\/i0.wp.com\/3zskadan.cz\/wp-content\/uploads\/2019\/04\/Geogebra_odkaz.png?resize=300%2C45&amp;ssl=1 300w, https:\/\/i0.wp.com\/3zskadan.cz\/wp-content\/uploads\/2019\/04\/Geogebra_odkaz.png?resize=768%2C115&amp;ssl=1 768w\" sizes=\"(max-width: 498px) 100vw, 498px\" \/><\/a><\/figure><\/div>\n\n\n\n<h2 class=\"wp-block-heading\">Zem\u011bpis<\/h2>\n\n\n\n<div class=\"wp-block-image\"><figure class=\"aligncenter is-resized\"><a href=\"https:\/\/www.google.com\/intl\/cs\/earth\/#main\"><img data-recalc-dims=\"1\" loading=\"lazy\" decoding=\"async\" data-attachment-id=\"5590\" data-permalink=\"https:\/\/3zskadan.cz\/?attachment_id=5590\" data-orig-file=\"https:\/\/i0.wp.com\/3zskadan.cz\/wp-content\/uploads\/2019\/04\/Google_Earth_odkaz.png?fit=500%2C594&amp;ssl=1\" data-orig-size=\"500,594\" data-comments-opened=\"1\" data-image-meta=\"{&quot;aperture&quot;:&quot;0&quot;,&quot;credit&quot;:&quot;&quot;,&quot;camera&quot;:&quot;&quot;,&quot;caption&quot;:&quot;&quot;,&quot;created_timestamp&quot;:&quot;0&quot;,&quot;copyright&quot;:&quot;&quot;,&quot;focal_length&quot;:&quot;0&quot;,&quot;iso&quot;:&quot;0&quot;,&quot;shutter_speed&quot;:&quot;0&quot;,&quot;title&quot;:&quot;&quot;,&quot;orientation&quot;:&quot;0&quot;}\" data-image-title=\"Google_Earth_odkaz\" data-image-description=\"\" data-image-caption=\"\" data-large-file=\"https:\/\/i0.wp.com\/3zskadan.cz\/wp-content\/uploads\/2019\/04\/Google_Earth_odkaz.png?fit=500%2C594&amp;ssl=1\" src=\"https:\/\/i0.wp.com\/3zskadan.cz\/wp-content\/uploads\/2019\/04\/Google_Earth_odkaz.png?resize=150%2C149\" alt=\"Google Earth odkaz\" class=\"wp-image-5590\" width=\"150\" height=\"149\" \/><\/a><figcaption><a href=\"https:\/\/www.google.com\/intl\/cs\/earth\/#main\">Google Earth<\/a><\/figcaption><\/figure><\/div>\n\n\n\n<h2 class=\"wp-block-heading\">Digit\u00e1ln\u00ed a medi\u00e1ln\u00ed gramotnost<\/h2>\n\n\n\n<h3 class=\"has-text-align-center wp-block-heading\"><a href=\"https:\/\/www.o2chytraskola.cz\/\" target=\"_blank\" rel=\"noreferrer noopener nofollow\"><img data-recalc-dims=\"1\" loading=\"lazy\" decoding=\"async\" width=\"250\" height=\"131\" data-attachment-id=\"7609\" data-permalink=\"https:\/\/3zskadan.cz\/?attachment_id=7609\" data-orig-file=\"https:\/\/i0.wp.com\/3zskadan.cz\/wp-content\/uploads\/2020\/08\/o2.png?fit=300%2C157&amp;ssl=1\" data-orig-size=\"300,157\" data-comments-opened=\"1\" data-image-meta=\"{&quot;aperture&quot;:&quot;0&quot;,&quot;credit&quot;:&quot;&quot;,&quot;camera&quot;:&quot;&quot;,&quot;caption&quot;:&quot;&quot;,&quot;created_timestamp&quot;:&quot;0&quot;,&quot;copyright&quot;:&quot;&quot;,&quot;focal_length&quot;:&quot;0&quot;,&quot;iso&quot;:&quot;0&quot;,&quot;shutter_speed&quot;:&quot;0&quot;,&quot;title&quot;:&quot;&quot;,&quot;orientation&quot;:&quot;0&quot;}\" data-image-title=\"o2\" data-image-description=\"\" data-image-caption=\"\" data-large-file=\"https:\/\/i0.wp.com\/3zskadan.cz\/wp-content\/uploads\/2020\/08\/o2.png?fit=300%2C157&amp;ssl=1\" class=\"wp-image-7609\" style=\"width: 250px;\" src=\"https:\/\/i0.wp.com\/3zskadan.cz\/wp-content\/uploads\/2020\/08\/o2.png?resize=250%2C131&#038;ssl=1\" alt=\"Logo O2 Chytr\u00e1 \u0161kola\" srcset=\"https:\/\/i0.wp.com\/3zskadan.cz\/wp-content\/uploads\/2020\/08\/o2.png?w=300&amp;ssl=1 300w, https:\/\/i0.wp.com\/3zskadan.cz\/wp-content\/uploads\/2020\/08\/o2.png?resize=80%2C42&amp;ssl=1 80w\" sizes=\"(max-width: 250px) 100vw, 250px\" \/><\/a><a href=\"http:\/\/3zskadan.cz\/wp-content\/uploads\/2019\/04\/Google_Earth_odkaz.png\"><\/a><\/h3>\n\n\n","protected":false},"excerpt":{"rendered":"<p>Angli\u010dtina Interaktivn\u00ed \u010d\u00e1st u\u010debnice Project Cvi\u010den\u00ed k u\u010debnic\u00edm Project Informatika Matematika Zem\u011bpis Digit\u00e1ln\u00ed a medi\u00e1ln\u00ed gramotnost<\/p>\n","protected":false},"author":1,"featured_media":0,"parent":0,"menu_order":0,"comment_status":"closed","ping_status":"closed","template":"","meta":{"jetpack_post_was_ever_published":false,"footnotes":""},"class_list":["post-4409","page","type-page","status-publish","czr-hentry"],"yoast_head":"<!-- This site is optimized with the Yoast SEO plugin v27.3 - https:\/\/yoast.com\/product\/yoast-seo-wordpress\/ -->\n<title>V\u00fduka - Z\u00e1kladn\u00ed \u0161kola Kada\u0148, ul. Chomutovsk\u00e1 1683<\/title>\n<meta name=\"robots\" content=\"index, follow, max-snippet:-1, max-image-preview:large, max-video-preview:-1\" \/>\n<link rel=\"canonical\" href=\"https:\/\/3zskadan.cz\/?page_id=4409\" \/>\n<meta property=\"og:locale\" content=\"cs_CZ\" \/>\n<meta property=\"og:type\" content=\"article\" \/>\n<meta property=\"og:title\" content=\"V\u00fduka - Z\u00e1kladn\u00ed \u0161kola Kada\u0148, ul. Chomutovsk\u00e1 1683\" \/>\n<meta property=\"og:description\" content=\"Angli\u010dtina Interaktivn\u00ed \u010d\u00e1st u\u010debnice Project Cvi\u010den\u00ed k u\u010debnic\u00edm Project Informatika Matematika Zem\u011bpis Digit\u00e1ln\u00ed a medi\u00e1ln\u00ed gramotnost\" \/>\n<meta property=\"og:url\" content=\"https:\/\/3zskadan.cz\/?page_id=4409\" \/>\n<meta property=\"og:site_name\" content=\"Z\u00e1kladn\u00ed \u0161kola Kada\u0148, ul. Chomutovsk\u00e1 1683\" \/>\n<meta property=\"article:modified_time\" content=\"2020-08-30T10:57:03+00:00\" \/>\n<meta property=\"og:image\" content=\"http:\/\/3zskadan.cz\/wp-content\/uploads\/2019\/04\/duolingo_odkaz-953x1024.png\" \/>\n<meta name=\"twitter:card\" content=\"summary_large_image\" \/>\n<script type=\"application\/ld+json\" class=\"yoast-schema-graph\">{\"@context\":\"https:\\\/\\\/schema.org\",\"@graph\":[{\"@type\":\"WebPage\",\"@id\":\"https:\\\/\\\/3zskadan.cz\\\/?page_id=4409\",\"url\":\"https:\\\/\\\/3zskadan.cz\\\/?page_id=4409\",\"name\":\"V\u00fduka - Z\u00e1kladn\u00ed \u0161kola Kada\u0148, ul. Chomutovsk\u00e1 1683\",\"isPartOf\":{\"@id\":\"https:\\\/\\\/3zskadan.cz\\\/#website\"},\"primaryImageOfPage\":{\"@id\":\"https:\\\/\\\/3zskadan.cz\\\/?page_id=4409#primaryimage\"},\"image\":{\"@id\":\"https:\\\/\\\/3zskadan.cz\\\/?page_id=4409#primaryimage\"},\"thumbnailUrl\":\"http:\\\/\\\/3zskadan.cz\\\/wp-content\\\/uploads\\\/2019\\\/04\\\/duolingo_odkaz-953x1024.png\",\"datePublished\":\"2018-10-23T18:32:07+00:00\",\"dateModified\":\"2020-08-30T10:57:03+00:00\",\"breadcrumb\":{\"@id\":\"https:\\\/\\\/3zskadan.cz\\\/?page_id=4409#breadcrumb\"},\"inLanguage\":\"cs\",\"potentialAction\":[{\"@type\":\"ReadAction\",\"target\":[\"https:\\\/\\\/3zskadan.cz\\\/?page_id=4409\"]}]},{\"@type\":\"ImageObject\",\"inLanguage\":\"cs\",\"@id\":\"https:\\\/\\\/3zskadan.cz\\\/?page_id=4409#primaryimage\",\"url\":\"http:\\\/\\\/3zskadan.cz\\\/wp-content\\\/uploads\\\/2019\\\/04\\\/duolingo_odkaz-953x1024.png\",\"contentUrl\":\"http:\\\/\\\/3zskadan.cz\\\/wp-content\\\/uploads\\\/2019\\\/04\\\/duolingo_odkaz-953x1024.png\"},{\"@type\":\"BreadcrumbList\",\"@id\":\"https:\\\/\\\/3zskadan.cz\\\/?page_id=4409#breadcrumb\",\"itemListElement\":[{\"@type\":\"ListItem\",\"position\":1,\"name\":\"Dom\u016f\",\"item\":\"https:\\\/\\\/3zskadan.cz\\\/\"},{\"@type\":\"ListItem\",\"position\":2,\"name\":\"V\u00fduka\"}]},{\"@type\":\"WebSite\",\"@id\":\"https:\\\/\\\/3zskadan.cz\\\/#website\",\"url\":\"https:\\\/\\\/3zskadan.cz\\\/\",\"name\":\"Z\u00e1kladn\u00ed \u0161kola Kada\u0148, ul. Chomutovsk\u00e1 1683\",\"description\":\"\",\"potentialAction\":[{\"@type\":\"SearchAction\",\"target\":{\"@type\":\"EntryPoint\",\"urlTemplate\":\"https:\\\/\\\/3zskadan.cz\\\/?s={search_term_string}\"},\"query-input\":{\"@type\":\"PropertyValueSpecification\",\"valueRequired\":true,\"valueName\":\"search_term_string\"}}],\"inLanguage\":\"cs\"}]}<\/script>\n<!-- \/ Yoast SEO plugin. -->","yoast_head_json":{"title":"V\u00fduka - Z\u00e1kladn\u00ed \u0161kola Kada\u0148, ul. Chomutovsk\u00e1 1683","robots":{"index":"index","follow":"follow","max-snippet":"max-snippet:-1","max-image-preview":"max-image-preview:large","max-video-preview":"max-video-preview:-1"},"canonical":"https:\/\/3zskadan.cz\/?page_id=4409","og_locale":"cs_CZ","og_type":"article","og_title":"V\u00fduka - Z\u00e1kladn\u00ed \u0161kola Kada\u0148, ul. Chomutovsk\u00e1 1683","og_description":"Angli\u010dtina Interaktivn\u00ed \u010d\u00e1st u\u010debnice Project Cvi\u010den\u00ed k u\u010debnic\u00edm Project Informatika Matematika Zem\u011bpis Digit\u00e1ln\u00ed a medi\u00e1ln\u00ed gramotnost","og_url":"https:\/\/3zskadan.cz\/?page_id=4409","og_site_name":"Z\u00e1kladn\u00ed \u0161kola Kada\u0148, ul. Chomutovsk\u00e1 1683","article_modified_time":"2020-08-30T10:57:03+00:00","og_image":[{"url":"http:\/\/3zskadan.cz\/wp-content\/uploads\/2019\/04\/duolingo_odkaz-953x1024.png","type":"","width":"","height":""}],"twitter_card":"summary_large_image","schema":{"@context":"https:\/\/schema.org","@graph":[{"@type":"WebPage","@id":"https:\/\/3zskadan.cz\/?page_id=4409","url":"https:\/\/3zskadan.cz\/?page_id=4409","name":"V\u00fduka - Z\u00e1kladn\u00ed \u0161kola Kada\u0148, ul. Chomutovsk\u00e1 1683","isPartOf":{"@id":"https:\/\/3zskadan.cz\/#website"},"primaryImageOfPage":{"@id":"https:\/\/3zskadan.cz\/?page_id=4409#primaryimage"},"image":{"@id":"https:\/\/3zskadan.cz\/?page_id=4409#primaryimage"},"thumbnailUrl":"http:\/\/3zskadan.cz\/wp-content\/uploads\/2019\/04\/duolingo_odkaz-953x1024.png","datePublished":"2018-10-23T18:32:07+00:00","dateModified":"2020-08-30T10:57:03+00:00","breadcrumb":{"@id":"https:\/\/3zskadan.cz\/?page_id=4409#breadcrumb"},"inLanguage":"cs","potentialAction":[{"@type":"ReadAction","target":["https:\/\/3zskadan.cz\/?page_id=4409"]}]},{"@type":"ImageObject","inLanguage":"cs","@id":"https:\/\/3zskadan.cz\/?page_id=4409#primaryimage","url":"http:\/\/3zskadan.cz\/wp-content\/uploads\/2019\/04\/duolingo_odkaz-953x1024.png","contentUrl":"http:\/\/3zskadan.cz\/wp-content\/uploads\/2019\/04\/duolingo_odkaz-953x1024.png"},{"@type":"BreadcrumbList","@id":"https:\/\/3zskadan.cz\/?page_id=4409#breadcrumb","itemListElement":[{"@type":"ListItem","position":1,"name":"Dom\u016f","item":"https:\/\/3zskadan.cz\/"},{"@type":"ListItem","position":2,"name":"V\u00fduka"}]},{"@type":"WebSite","@id":"https:\/\/3zskadan.cz\/#website","url":"https:\/\/3zskadan.cz\/","name":"Z\u00e1kladn\u00ed \u0161kola Kada\u0148, ul. Chomutovsk\u00e1 1683","description":"","potentialAction":[{"@type":"SearchAction","target":{"@type":"EntryPoint","urlTemplate":"https:\/\/3zskadan.cz\/?s={search_term_string}"},"query-input":{"@type":"PropertyValueSpecification","valueRequired":true,"valueName":"search_term_string"}}],"inLanguage":"cs"}]}},"jetpack_sharing_enabled":true,"jetpack_shortlink":"https:\/\/wp.me\/P7YYLP-197","_links":{"self":[{"href":"https:\/\/3zskadan.cz\/index.php?rest_route=\/wp\/v2\/pages\/4409","targetHints":{"allow":["GET"]}}],"collection":[{"href":"https:\/\/3zskadan.cz\/index.php?rest_route=\/wp\/v2\/pages"}],"about":[{"href":"https:\/\/3zskadan.cz\/index.php?rest_route=\/wp\/v2\/types\/page"}],"author":[{"embeddable":true,"href":"https:\/\/3zskadan.cz\/index.php?rest_route=\/wp\/v2\/users\/1"}],"replies":[{"embeddable":true,"href":"https:\/\/3zskadan.cz\/index.php?rest_route=%2Fwp%2Fv2%2Fcomments&post=4409"}],"version-history":[{"count":0,"href":"https:\/\/3zskadan.cz\/index.php?rest_route=\/wp\/v2\/pages\/4409\/revisions"}],"wp:attachment":[{"href":"https:\/\/3zskadan.cz\/index.php?rest_route=%2Fwp%2Fv2%2Fmedia&parent=4409"}],"curies":[{"name":"wp","href":"https:\/\/api.w.org\/{rel}","templated":true}]}}